onvert -2122013 (base 4) to base 15.
-2dc8
Convert -10321013 (base 4) to base 8.
-47107
-110110010 (base 2) to base 7
-1160
Convert -204 (base 10) to base 7.
-411
What is 3320 (base 4) in base 9?
305
Convert 44313 (base 5) to base 3.
11020012
-3414 (base 9) to base 4
-213130
6763 (base 8) to base 7
13261
-11101010110111 (base 2) to base 15
-46c1
What is -121 (base 4) in base 2?
-11001
What is -11101 (base 5) in base 14?
-3d6
Convert 2534 (base 6) to base 5.
10014
Convert -8a0b (base 14) to base 10.
-23923
1200210221 (base 3) to base 5
2032042
Convert 8be9 (base 16) to base 11.
24a01
-1000011111011 (base 2) to base 4
-1003323
-65b (base 14) to base 11
-a43
1101212 (base 4) to base 8
12146
ba (base 13) to base 6
413
3370 (base 8) to base 12
1048
Convert -315 (base 15) to base 9.
-852
What is 2a8 (base 14) in base 2?
1000011100
-2121000000 (base 3) to base 7
-301530
-10000011001 (base 2) to base 16
-419
Convert -1020 (base 3) to base 2.
-100001
-33394 (base 12) to base 13
-24bcb
15976 (base 12) to base 6
354230
What is -242240 (base 6) in base 13?
-98a9
What is -569 (base 14) in base 9?
-1422
What is -d36 (base 15) in base 14?
-1128
12033 (base 6) to base 3
2101210
Convert 1555 (base 8) to base 9.
1174
What is 4c4 (base 13) in base 5?
11321
11000100 (base 3) to base 13
1440
Convert -4b (base 13) to base 7.
-120
Convert -60 (base 13) to base 2.
-1001110
Convert -1633 (base 12) to base 3.
-10121110
Convert -1b865 (base 12) to base 15.
-c218
What is 580 (base 13) in base 12?
671
What is -1001100111111110 (base 2) in base 6?
-502302
-2444 (base 7) to base 3
-1020212
Convert 1380 (base 9) to base 15.
499
Convert 1e0 (base 16) to base 2.
111100000
What is 5678 (base 16) in base 10?
22136
What is 212121 (base 3) in base 12?
451
What is 9221 (base 12) in base 7?
64153
-465 (base 10) to base 3
-122020
-12551 (base 6) to base 9
-2584
1293 (base 11) to base 8
3213
56160 (base 10) to base 12
28600
What is -a51f (base 16) in base 15?
-c7d1
What is -44 (base 5) in base 2?
-11000
What is -1221 (base 6) in base 5?
-2201
What is -2bfd (base 16) in base 15?
-350b
1aa3 (base 15) to base 16
1692
What is 6390 (base 12) in base 2?
10101010011100
What is -1114 (base 7) in base 6?
-1511
Convert 1110011000001 (base 2) to base 9.
11078
Convert -10002110210 (base 3) to base 12.
-2b270
Convert -1212332 (base 4) to base 14.
-258a
Convert -1001101111101 (base 2) to base 15.
-1729
Convert 2887 (base 9) to base 5.
32220
-124332 (base 6) to base 12
-66a8
8838 (base 9) to base 8
14563
-10c9 (base 15) to base 6
-24300
What is 1036 (base 10) in base 8?
2014
-2230333 (base 4) to base 2
-10101100111111
What is -12475 (base 11) in base 12?
-a411
What is 18bb (base 13) in base 9?
5064
-2022 (base 9) to base 14
-778
-5cf (base 16) to base 5
-21422
-12958 (base 15) to base 3
-10000121002
What is -1abb (base 12) in base 15?
-eab
-2336 (base 8) to base 3
-1201011
Convert -111111111 (base 2) to base 9.
-627
3006 (base 7) to base 9
1370
What is -1247 (base 9) in base 2?
-1110100110
What is 1369 (base 11) in base 9?
2375
Convert -110010000 (base 2) to base 9.
-484
Convert 173 (base 16) to base 14.
1c7
212012 (base 4) to base 13
1157
What is 100110000 (base 2) in base 16?
130
212122 (base 3) to base 10
638
-4012 (base 5) to base 3
-200210
3117 (base 14) to base 6
103041
What is -312 (base 6) in base 3?
-11022
-111214 (base 5) to base 2
-111101011110
What is 41607 (base 10) in base 5?
2312412
What is -3130 (base 4) in base 10?
-220
Convert -121222 (base 5) to base 3.
-20020222
What is 3014 (base 12) in base 11?
39a8
Convert 3132 (base 4) to base 10.
222
What is 35b (base 13) in base 12?
407
Convert 12b (base 16) to base 8.
453
101010111 (base 2) to base 9
421
Convert 9ae4 (base 16) to base 7.
223414
What is -406614 (base 7) in base 6?
-1254103
-591 (base 15) to base 2
-10011101101
What is 13cc (base 13) in base 3?
10221101
Convert 322123 (base 4) to base 8.
7233
Convert -64885 (base 10) to base 16.
-fd75
-700 (base 14) to base 6
-10204
What is -4200 (base 11) in base 4?
-1112332
-113330 (base 4) to base 9
-2082
Convert -22220222 (base 3) to base 5.
-202011
11 (base 3) to base 2
100
Convert 17082 (base 14) to base 4.
32012022
2d4 (base 14) to base 7
1454
22 (base 4) to base 13
a
What is -2422 (base 6) in base 2?
-1001001110
Convert c1bb (base 15) to base 8.
117705
What is 1d85 (base 15) in base 16?
1919
Convert 22424 (base 5) to base 11.
1238
Convert 1768 (base 13) to base 11.
2671
What is -9bc (base 13) in base 15?
-76b
-10110000010100 (base 2) to base 8
-26024
What is 1200001 (base 3) in base 2?
10011000000
What is 1b55 (base 15) in base 2?
1011100101010
-219 (base 13) to base 10
-360
-517 (base 12) to base 3
-1000101
What is -4456 (base 7) in base 9?
-2177
Convert 21212221 (base 3) to base 10.
5749
What is -1010110110010 (base 2) in base 16?
-15b2
Convert -1390 (base 12) to base 8.
-4334
What is -732 (base 9) in base 14?
-308
Convert -101110011001 (base 2) to base 14.
-1121
Convert 36337 (base 9) to base 13.
b0cb
What is 1416b (base 12) in base 5?
1343000
What is -22100121 (base 3) in base 12?
-3637
Convert 3b9 (base 14) to base 15.
351
635 (base 7) to base 2
101000000
What is 4610 (base 7) in base 2?
11010001001
What is -10120 (base 3) in base 4?
-1200
-776a (base 14) to base 12
-bb6a
20211002 (base 4) to base 5
2111023
What is 10202 (base 9) in base 13?
30a4
Convert d6 (base 14) to base 9.
228
Convert 526 (base 11) to base 4.
21321
Convert 2771 (base 9) to base 10.
2089
Convert -1794 (base 10) to base 11.
-1391
Convert -b1b (base 13) to base 11.
-1462
-100001000011111 (base 2) to base 14
-6251
10100010 (base 2) to base 9
200
What is -43446 (base 7) in base 12?
-6353
What is -6a (base 12) in base 9?
-101
What is -44433 (base 8) in base 6?
-222351
What is 30e (base 15) in base 5?
10224
What is 1110110 (base 3) in base 8?
2051
Convert -20153 (base 6) to base 2.
-101001100101
Convert 2133 (base 7) to base 16.
2f7
What is -869 (base 13) in base 10?
-1439
1011100111100 (base 2) to base 7
23225
3162 (base 7) to base 3
1112120
Convert 2366 (base 7) to base 15.
3db
Convert -c382 (base 13) to base 10.
-26977
What is 201203 (base 4) in base 7?
6155
Convert -9749 (base 12) to base 13.
-7743
What is b21 (base 13) in base 2?
11101011110
Convert -b9 (base 13) to base 4.
-2120
What is -34686 (base 11) in base 4?
-30032103
Convert 110110111101 (base 2) to base 14.
13d3
-3174 (base 15) to base 7
-42331
Convert -38351 (base 9) to base 12.
-12b24
11145 (base 8) to base 14
1a05
What is -55442 (base 6) in base 3?
-101121022
-4b6a (base 13) to base 5
-320420
What is -101001011010000 (base 2) in base 3?
-1002002012
-1101100000 (base 2) to base 15
-3c9
Convert 555 (base 7) to base 14.
165
18a8 (base 12) to base 16
bc0
Convert -16207 (base 8) to base 13.
-342a
What is 4a1 (base 15) in base 5?
13201
-1330204 (base 5) to base 13
-c346
24552 (base 6) to base 5
104133
What is 62 (base 7) in base 8?
54
Convert 222200 (base 3) to base 6.
3200
287a4 (base 12) to base 4
31301230
What is -2445 (base 8) in base 3?
-1210210
Convert -2029 (base 15) to base 16.
-1a85
-448 (base 12) to base 14
-332
30160 (base 7) to base 11
5531
What is -7299 (base 13) in base 2?
-11110111100011
4216 (base 9) to base 6
22153
What is 11132 (base 4) in base 11?
299
-24670 (base 8) to base 9
-15576
1301 (base 11) to base 16
69f
3d9 (base 15) to base 4
31233
-114334 (base 5) to base 14
-1824
15392 (base 12) to base 2
111010011011110
What is -2130 (base 6) in base 8?
-746
44b5 (base 14) to base 8
27217
1531 (base 8) to base 4
31121
What is -3641 (base 16) in base 11?
-a487
-3622 (base 11) to base 12
-28b3
356 (base 7) to base 15
c8
-11113 (base 5) to base 4
-30033
-213130 (base 4) to base 9
-3414
Convert 3a6 (base 11) to base 14.
263
What is -2a9 (base 14) in base 5?
-4131
Convert 27010 (base 8) to base 15.
3759
Convert 192 (base 16) to base 3.
112220
Convert -552 (base 12) to base 10.
-782
Convert 73056 (base 9) to base 16.
bc25
What is -12114 (base 7) in base 16?
-c4b
Convert 3088 (base 9) to base 4.
203123
-36410 (base 7) to base 13
-4400
2200 (base 6) to base 4
13320
Convert -12600 (base 8) to base 4.
-1112000
Convert -7426 (base 13) to base 10.
-16087
Convert -b9cd (base 14) to base 9.
-48058
1000023 (base 4) to base 15
133c
What is 120040 (